3*g - 19. Give i(-5).
-4
Let n(g) = 9*g**2 - 1. Calculate n(2).
35
Let n(r) = -r**3 - 18*r**2 - 11*r - 11. Determine n(-18).
187
Let l(u) = 9*u + 6. What is l(-6)?
-48
Let i(t) = t**2 + 4*t + 2. What is i(-2)?
-2
Let v(p) = 14*p - 1. What is v(-2)?
-29
Let i(j) = -j**3 - 7*j**2 + 12. Calculate i(-7).
12
Let j(w) = -13*w + 174. Give j(13).
5
Let h(z) = z**3 - 7*z**2 - 21*z + 13. Determine h(8).
-91
Let i(a) = 3*a**2 - 17*a - 5. Determine i(8).
51
Let t(v) = 5*v**3 + 2*v**2 - 3*v - 3. What is t(2)?
39
Let y(h) = h + 3. Calculate y(-11).
-8
Let g(m) = -11*m + 67. Give g(7).
-10
Let t(v) = v**3 + 7*v**2 - 16*v + 9. What is t(-9)?
-9
Let w(u) = -u**3 + u**2 - 5*u + 95. Give w(0).
95
Let r(a) = -2*a**2 - 6*a - 10. Determine r(-4).
-18
Let k(l) = l**3 - 11*l**2 - 30*l + 51. Calculate k(13).
-1
Let z(f) = -f**2 + 2*f + 34. Calculate z(7).
-1
Let b(j) = -j**2 - j - 8. What is b(0)?
-8
Let v(s) = -7*s**2. Give v(1).
-7
Let k(i) = -34*i - 1695. What is k(-50)?
5
Let z(w) = w**2 + 14*w + 38. Give z(-11).
5
Let z(c) = -c**2 + c + 1. Give z(7).
-41
Let c(t) = 2*t**3 + 9*t**2 - 4*t - 2. Give c(-4).
30
Let a(f) = -f + 16. Calculate a(-13).
29
Let n(b) = -b + 31. Give n(-12).
43
Let j(m) = -m**3 - 3*m**2 - 3*m - 3. What is j(-2)?
-1
Let t(b) = 2*b**2 + 3*b - 8. Give t(3).
19
Let w(v) = -v**2 - 15*v + 34. Give w(-17).
0
Let v(a) = 2*a**2 + 5*a - 2. Determine v(-4).
10
Let c(i) = -3*i. Calculate c(1).
-3
Let g(p) = -8*p + 10. Give g(-12).
106
Let g(r) = 17*r**2 + 3*r + 1. Determine g(1).
21
Let i(o) = o + 8. What is i(0)?
8
Let d(v) = -3*v - 13. Give d(-2).
-7
Let s(k) = 15*k + 466. Give s(-31).
1
Let v(a) = -2*a + 113. Give v(55).
3
Let t(n) = 6*n + 21. Give t(-3).
3
Let o(p) = -3*p**2 - 3*p - 2. Calculate o(-2).
-8
Let m(u) = 9*u + 2. Calculate m(-2).
-16
Let w(z) = -z**3 - 25*z**2 + z - 31. Calculate w(-25).
-56
Let o(h) = h**3 - 8*h**2 + 7*h + 4. Give o(7).
4
Let h(o) = 107*o + 120. Calculate h(-1).
13
Let t(k) = k**3 - 2*k**2 - 5*k + 6. Determine t(5).
56
Let z(o) = -o**2 + 7*o - 16. Give z(2).
-6
Let n(y) = -3*y**2 - 8*y - 10. Give n(-2).
-6
Let l(j) = 8*j + 111. Determine l(-14).
-1
Let l(k) = -3*k**2. Determine l(1).
-3
Let t(j) = 4*j + 86. What is t(21)?
170
Let j(i) = i + 2. Determine j(4).
6
Let s(p) = -5*p**2 + 32*p - 4. What is s(6)?
8
Let j(n) = -3*n + 35. What is j(7)?
14
Let i(p) = 2*p**2 - 25*p - 116. What is i(16)?
-4
Let b(u) = u**2 - 7*u + 5. Determine b(6).
-1
Let x(z) = z**3 - 24*z**2 - 22*z - 89. Give x(25).
-14
Let r(s) = -61*s**3 + s**2. What is r(-1)?
62
Let g(r) = r**3 + 10*r**2 - 10*r - 3. Give g(-11).
-14
Let n(h) = 22*h + 401. Calculate n(-18).
5
Let h(w) = w**2 - 14*w - 83. Determine h(16).
-51
Let y(p) = p**2 - 7*p - 4. Determine y(6).
-10
Let p(u) = -2*u**2 - 19*u - 40. Determine p(-8).
-16
Let p(h) = h**2 - 11*h + 13. Calculate p(8).
-11
Let j(t) = t**3 + 7*t**2 + 8*t + 15. What is j(-6)?
3
Let y(v) = 2*v**3 + 30*v**2 + 29*v + 26. Give y(-14).
12
Let b(o) = -o**3 - 8*o**2 + 8*o + 8. Determine b(-9).
17
Let n(k) = 8*k + 285. What is n(-34)?
13
Let h(t) = -53*t - 5. Give h(-1).
48
Let c(q) = q**3 + 20*q**2 - 21*q - 4. Calculate c(-21).
-4
Let h(z) = -z + 20. What is h(0)?
20
Let u(b) = 3*b + 57. What is u(-9)?
30
Let c(r) = -28*r - 226. Calculate c(-8).
-2
Let h(l) = -16*l**3 + 1. Determine h(1).
-15
Let r(c) = -9*c**3 - c**2 - c + 1. What is r(1)?
-10
Let s(t) = -76*t - 1. What is s(-1)?
75
Let r(i) = i + 8. What is r(-2)?
6
Let k(r) = -2*r + 2. What is k(-5)?
12
Let s(t) = -16*t**2 - 1. Calculate s(-1).
-17
Let p(i) = -7*i + 351. Give p(50).
1
Let z(y) = -2*y**3 + 18*y**2 - 3*y + 11. What is z(9)?
-16
Let l(x) = 13*x**2 - 9*x - 4. Give l(3).
86
Let g(y) = y**3 + 9*y - 23. What is g(3)?
31
Let v(l) = l**3 - 30*l**2 - 31*l + 4. What is v(31)?
4
Let l(i) = -i - 3. Calculate l(2).
-5
Let t(o) = o**3 + 8*o**2 + 9*o + 6. Determine t(-7).
-8
Let x(f) = f**2 - 6*f - 161. Determine x(-10).
-1
Let s(i) = -3*i**2 - 5*i - 4. Give s(-3).
-16
Let t(l) = l**2 + 3*l. Give t(-3).
0
Let d(a) = a**3 - 10*a**2 + 14*a + 2. Calculate d(8).
-14
Let g(b) = -b**2 - 16*b - 95. What is g(-10)?
-35
Let d(a) = -a**3 - 16*a**2 - 14*a + 14. Give d(-15).
-1
Let f(g) = 2*g**3 + 6*g**2 - 6*g + 10. What is f(-4)?
2
Let w(d) = 105*d - 29. Calculate w(0).
-29
Let j(x) = 4*x - 74. Calculate j(11).
-30
Let u(h) = -4*h + 108. What is u(27)?
0
Let b(n) = n**3 - 6*n**2 + 9*n + 15. Calculate b(5).
35
Let l(j) = 44*j**2 - j - 1. Determine l(-1).
44
Let x(f) = f**3 + 20*f**2 - f - 27. What is x(-20)?
-7
Let i(n) = -2*n - 8. Determine i(17).
-42
Let d(m) = -m**2 - 7*m - 10. Determine d(-2).
0
Let m(u) = u**3 + 16*u**2 + 13*u - 7. Determine m(-15).
23
Let d(x) = 5*x**2 + x + 9. Give d(-2).
27
Let p(c) = 6*c**2 + c - 1. What is p(-1)?
4
Let h(n) = 76*n**3 + 2*n**2 + n - 4. What is h(1)?
75
Let o(m) = m**3 + 5*m**2 - 26*m - 22. Determine o(-8).
-6
Let b(s) = 11*s - 20. Determine b(10).
90
Let b(i) = 6*i + 89. Calculate b(-14).
5
Let g(y) = y**3 + 3*y**2 - y - 4. Calculate g(-3).
-1
Let w(t) = -3*t + 2. Calculate w(-6).
20
Let p(i) = -14*i**3 + 3*i**2 - i - 1. Determine p(1).
-13
Let x(h) = -h**3 - 12*h**2 - 17*h + 7. What is x(-10)?
-23
Let l(h) = -13*h + 76. Calculate l(6).
-2
Let n(c) = -c**3 - 4*c**2 + 25*c + 96. Determine n(-5).
-4
Let l(z) = z**3 - 6*z**2 - 9*z + 27. Give l(7).
13
Let q(f) = -f**3 - 6*f**2 + 4*f - 2. What is q(-7)?
19
Let r(g) = g**3 + 5*g**2 - 8*g + 10. What is r(-7)?
-32
Let c(j) = -11*j - 64. Determine c(4).
-108
Let v(i) = i**3 + 5*i**2 - 8*i - 5. Determine v(-4).
43
Let p(u) = 3*u - 21. What is p(5)?
-6
Let f(l) = 24*l**2 - 145*l + 1. Determine f(6).
-5
Let x(a) = -9*a + 82. Determine x(8).
10
Let i(r) = -8*r - 61. Give i(-8).
3
Let w(o) = 11*o - 1. Determine w(-2).
-23
Let q(j) = -j**2 + 20*j + 26. What is q(16)?
90
Let k(w) = w - 4. What is k(9)?
5
Let u(k) = -4*k**2 + 7. Give u(2).
-9
Let o(i) = 2*i**2 - 4*i - 1. Determine o(3).
5
Let h(m) = m**3 + 5*m**2 + 3*m + 10. Determine h(-4).
14
Let z(c) = 4*c - 23. Determine z(25).
77
Let r(x) = x**2 - 21*x - 43. Calculate r(25).
57
Let b(i) = i**3 + 8*i**2 + 4*i - 15. What is b(-6)?
33
Let o(s) = -s**3 - 5*s**2 + 3*s + 4. Calculate o(-6).
22
Let o(j) = -4*j**2 + 13*j - 10. Calculate o(4).
-22
Let j(t) = 3*t**2 - 113*t - 36. What is j(38)?
2
Let i(o) = -o**3 + 6*o**2 - 7*o + 6. Give i(5).
-4
Let x(d) = 5*d**2 - 19*d + 1. Calculate x(4).
5
Let t(u) = -2*u**2 - 10*u + 6. Give t(-6).
-6
Let i(t) = -12*t + 38. What is i(4)?
-10
Let q(x) = 4*x + 4. Give q(1).
8
Let t(j) = 2*j**2 - 33*j + 139. Calculate t(8).
3
Let a(p) = -10*p + 34. Determine a(5).
-16
Let l(w) = 12*w - 442. Calculate l(37).
2
Let k(b) = -2*b**2 - 5*b - 6. Determine k(-2).
-4
Let t(y) = -2*y - 58. Determine t(-11).
-36
Let o(x) = -7*x - 59. Calculate o(-7).
-10
Let h(v) = 2*v - 9. Calculate h(-8).
-25
Let r(j) = 7*j + 42. Calculate r(-5).
7
Let t(z) = -3*z**2 + 95*z + 123. Give t(33).
-9
Let g(i) = -3*i**3 + 4. What is g(2)?
-20
Let l(v) = -v**2 - v + 20. Give l(0).
20
Let t(r) = 2*r**2 - 17*r - 1. What is t(7)?
-22
Let g(c) = 24*c - 45. Give g(5).
75
Let a(z) = -4*z + 54. Determine a(14).
-2
Let o(p) = -p**3 - 4*p**2. Calculate o(-3).
-9
Let n(t) = 11*t - 458. Give n(42).
4
Let t(m) = -m**3 + 7*m**2 - 3*m + 7. Calculate t(7).
-14
Let c(b) = -b**3 - 28*b**2 - 77*b - 41. Calculate c(-25).
9
Let k(y) = y**2 - 14*y + 20. What is k(12)?
-4
Let c(v) = -v - 7. What is c(-6)?
-1
Let p(f) = -f**3 - 14*f**2 - 11*f + 26. Determine p(-13).
0
Let v(i) = i**2 - 5*i - 12. Determine v(6).
-6
Let i(k) = k**3 - 1. Calculate i(0).
-1
Let u(g) = -g**3 - 7*g**2 + 12*g. Determine u(-7).
-84
Let n(l) = 36*l + 2. Determine n(1).
38
Let q(z) = z**2 + 11*z + 1. Determine q(-11).
1
Let a(q) = -3*q**2 - 8*q - 2. Give a(-3).
-5
Let q(r) = r**2 - 7*r + 4. Give q(8).
12
Let s(t) = -250*t - 1990. What is s(-8)?
10
Let f(s) = -s**3 - 7*s**2 + 6*s + 2. Give f(1).
0
Let r(n) = 5*n**2 + 5*n - 7. Determine r(2).
23
Let t(x) = x**3 - 7*x**2 + 6*x - 6. What is t(6)?
-6
Let n(j) = j**2 - 2*j - 22. Determine n(6).
2
Let s(k) = -k**2 + 15*k + 42. Calculate s(17).
8
Let x(d) = -2*d + 9. Give x(0).
9
Let x(k) = 10*k**2 - 2*k - 1. What is x(2)?
35
Let b(u) = -u**3 + 4*u**2 - 2*u + 8. Give b(4).
0
Let l(i) = 8*i - 1. Calculate l(-1).
-9
Let x(u) = -6*u**2 + 6*u + 12. Calculate x(-2)